{"id":1184,"date":"2017-09-14T10:43:12","date_gmt":"2017-09-14T10:43:12","guid":{"rendered":"http:\/\/catronis.com.br\/?page_id=1184"},"modified":"2025-01-09T07:52:04","modified_gmt":"2025-01-09T10:52:04","slug":"quem-somos","status":"publish","type":"page","link":"https:\/\/catronis.com.br\/?page_id=1184","title":{"rendered":"Quem Somos"},"content":{"rendered":"\t\t<div data-elementor-type=\"wp-post\" data-elementor-id=\"1184\" class=\"elementor elementor-1184\">\n\t\t\t\t\t\t<section class=\"elementor-section elementor-top-section elementor-element elementor-element-b5fb0ec elementor-section-boxed elementor-section-height-default elementor-section-height-default\" data-id=\"b5fb0ec\" data-element_type=\"section\" data-e-type=\"section\" data-settings=\"{&quot;background_background&quot;:&quot;classic&quot;}\">\n\t\t\t\t\t\t\t<div class=\"elementor-background-overlay\"><\/div>\n\t\t\t\t\t\t\t<div class=\"elementor-container elementor-column-gap-no\">\n\t\t\t\t\t<div class=\"elementor-column elementor-col-100 elementor-top-column elementor-element elementor-element-211dd39\" data-id=\"211dd39\" data-element_type=\"column\" data-e-type=\"column\">\n\t\t\t<div class=\"elementor-widget-wrap elementor-element-populated\">\n\t\t\t\t\t\t<div class=\"elementor-element elementor-element-3b23e95 elementor-widget elementor-widget-heading\" data-id=\"3b23e95\" data-element_type=\"widget\" data-e-type=\"widget\" data-widget_type=\"heading.default\">\n\t\t\t\t\t<h1 class=\"elementor-heading-title elementor-size-default\">QUEM SOMOS<\/h1>\t\t\t\t<\/div>\n\t\t\t\t\t<\/div>\n\t\t<\/div>\n\t\t\t\t\t<\/div>\n\t\t<\/section>\n\t\t\t\t<section class=\"elementor-section elementor-top-section elementor-element elementor-element-536914d elementor-section-content-middle elementor-section-boxed elementor-section-height-default elementor-section-height-default\" data-id=\"536914d\" data-element_type=\"section\" data-e-type=\"section\" data-settings=\"{&quot;background_background&quot;:&quot;classic&quot;}\">\n\t\t\t\t\t\t<div class=\"elementor-container elementor-column-gap-no\">\n\t\t\t\t\t<div class=\"elementor-column elementor-col-50 elementor-top-column elementor-element elementor-element-cd93d28\" data-id=\"cd93d28\" data-element_type=\"column\" data-e-type=\"column\">\n\t\t\t<div class=\"elementor-widget-wrap elementor-element-populated\">\n\t\t\t\t\t\t<div class=\"elementor-element elementor-element-e9bb90e elementor-widget__width-initial elementor-widget elementor-widget-heading\" data-id=\"e9bb90e\" data-element_type=\"widget\" data-e-type=\"widget\" data-widget_type=\"heading.default\">\n\t\t\t\t\t<h2 class=\"elementor-heading-title elementor-size-default\">Somos a CATRONIS CORP<\/h2>\t\t\t\t<\/div>\n\t\t\t\t<div class=\"elementor-element elementor-element-aa6f5b1 elementor-widget elementor-widget-text-editor\" data-id=\"aa6f5b1\" data-element_type=\"widget\" data-e-type=\"widget\" data-widget_type=\"text-editor.default\">\n\t\t\t\t\t\t\t\t\t<p>Desde sua funda\u00e7\u00e3o em 2008, no interior paulista, na cidade de Campinas, a CATRONIS CORP se destaca como uma refer\u00eancia em solu\u00e7\u00f5es de software de gest\u00e3o. Especializada na otimiza\u00e7\u00e3o de processos, nossa empresa conquistou espa\u00e7o em diversos segmentos, incluindo supermercados, padarias, restaurantes, lanchonetes e lojas de varejo.<\/p><p>Em 2010, demos um passo adiante ao desenvolver nosso pr\u00f3prio produto, o CATRONIS ERP. Este software abrangente \u00e9 composto por 4 m\u00f3dulos: CATRONIS ERP, CATRONIS PDV, CATRONIS COMANDA e WebCont\u00e1bil, todos constru\u00eddos com tecnologia inovadora. Garantimos a seguran\u00e7a da informa\u00e7\u00e3o e oferecemos ferramentas vers\u00e1teis e funcionais, proporcionando mais efici\u00eancia e autonomia ao dia a dia de nossos clientes.<\/p><p>A CATRONIS CORP n\u00e3o se limita ao interior paulista; atendemos todo o Brasil, oferecendo suporte completo para garantir a otimiza\u00e7\u00e3o m\u00e1xima dos neg\u00f3cios de nossos clientes.<\/p><p>Segmentos que atendemos: Bistr\u00f4, Caf\u00e9, Casa de Carnes, Emp\u00f3rio, Food Truck, Hortifr\u00fati, Lanchonete, Mercado, Supermercado, Panificadora, Restaurante, Lojas de utilidades, Papelaria, a\u00e7ougues e todo com\u00e9rcio de varejo com ponto de venda.<\/p><p><strong>Seja nosso cliente e descubra como a CATRONIS CORP pode impulsionar o sucesso do seu neg\u00f3cio, proporcionando solu\u00e7\u00f5es tecnol\u00f3gicas avan\u00e7adas e suporte abrangente.<\/strong><\/p>\t\t\t\t\t\t\t\t<\/div>\n\t\t\t\t\t<\/div>\n\t\t<\/div>\n\t\t\t\t<div class=\"elementor-column elementor-col-50 elementor-top-column elementor-element elementor-element-d696d53\" data-id=\"d696d53\" data-element_type=\"column\" data-e-type=\"column\" data-settings=\"{&quot;background_background&quot;:&quot;classic&quot;}\">\n\t\t\t<div class=\"elementor-widget-wrap elementor-element-populated\">\n\t\t\t\t\t<div class=\"elementor-background-overlay\"><\/div>\n\t\t\t\t\t\t<div class=\"elementor-element elementor-element-23b8262 elementor-widget__width-initial elementor-widget elementor-widget-image\" data-id=\"23b8262\" data-element_type=\"widget\" data-e-type=\"widget\" data-widget_type=\"image.default\">\n\t\t\t\t\t\t\t\t\t\t\t\t\t\t\t<img fetchpriority=\"high\" decoding=\"async\" width=\"1454\" height=\"1450\" src=\"https:\/\/catronis.com.br\/wp-content\/uploads\/2023\/11\/quem-somos.png\" class=\"attachment-full size-full wp-image-1268\" alt=\"\" srcset=\"https:\/\/catronis.com.br\/wp-content\/uploads\/2023\/11\/quem-somos.png 1454w, https:\/\/catronis.com.br\/wp-content\/uploads\/2023\/11\/quem-somos-300x300.png 300w, https:\/\/catronis.com.br\/wp-content\/uploads\/2023\/11\/quem-somos-1024x1021.png 1024w, https:\/\/catronis.com.br\/wp-content\/uploads\/2023\/11\/quem-somos-150x150.png 150w, https:\/\/catronis.com.br\/wp-content\/uploads\/2023\/11\/quem-somos-768x766.png 768w\" sizes=\"(max-width: 1454px) 100vw, 1454px\" \/>\t\t\t\t\t\t\t\t\t\t\t\t\t\t\t<\/div>\n\t\t\t\t\t<\/div>\n\t\t<\/div>\n\t\t\t\t\t<\/div>\n\t\t<\/section>\n\t\t<div class=\"elementor-element elementor-element-1283775 e-flex e-con-boxed e-con e-parent\" data-id=\"1283775\" data-element_type=\"container\" data-e-type=\"container\">\n\t\t\t\t\t<div class=\"e-con-inner\">\n\t\t\t\t<div class=\"elementor-element elementor-element-d0f5c51 elementor-tabs-view-horizontal elementor-widget elementor-widget-tabs\" data-id=\"d0f5c51\" data-element_type=\"widget\" data-e-type=\"widget\" data-widget_type=\"tabs.default\">\n\t\t\t\t\t\t\t<div class=\"elementor-tabs\">\n\t\t\t<div class=\"elementor-tabs-wrapper\" role=\"tablist\" >\n\t\t\t\t\t\t\t\t\t<div id=\"elementor-tab-title-2191\" class=\"elementor-tab-title elementor-tab-desktop-title\" aria-selected=\"true\" data-tab=\"1\" role=\"tab\" tabindex=\"0\" aria-controls=\"elementor-tab-content-2191\" aria-expanded=\"false\">VIS\u00c3O<\/div>\n\t\t\t\t\t\t\t\t\t<div id=\"elementor-tab-title-2192\" class=\"elementor-tab-title elementor-tab-desktop-title\" aria-selected=\"false\" data-tab=\"2\" role=\"tab\" tabindex=\"-1\" aria-controls=\"elementor-tab-content-2192\" aria-expanded=\"false\">MISS\u00c3O<\/div>\n\t\t\t\t\t\t\t\t\t<div id=\"elementor-tab-title-2193\" class=\"elementor-tab-title elementor-tab-desktop-title\" aria-selected=\"false\" data-tab=\"3\" role=\"tab\" tabindex=\"-1\" aria-controls=\"elementor-tab-content-2193\" aria-expanded=\"false\">VALORES<\/div>\n\t\t\t\t\t\t\t\t\t<div id=\"elementor-tab-title-2194\" class=\"elementor-tab-title elementor-tab-desktop-title\" aria-selected=\"false\" data-tab=\"4\" role=\"tab\" tabindex=\"-1\" aria-controls=\"elementor-tab-content-2194\" aria-expanded=\"false\">EQUIPE<\/div>\n\t\t\t\t\t\t\t<\/div>\n\t\t\t<div class=\"elementor-tabs-content-wrapper\" role=\"tablist\" aria-orientation=\"vertical\">\n\t\t\t\t\t\t\t\t\t<div class=\"elementor-tab-title elementor-tab-mobile-title\" aria-selected=\"true\" data-tab=\"1\" role=\"tab\" tabindex=\"0\" aria-controls=\"elementor-tab-content-2191\" aria-expanded=\"false\">VIS\u00c3O<\/div>\n\t\t\t\t\t<div id=\"elementor-tab-content-2191\" class=\"elementor-tab-content elementor-clearfix\" data-tab=\"1\" role=\"tabpanel\" aria-labelledby=\"elementor-tab-title-2191\" tabindex=\"0\" hidden=\"false\"><p>Almejamos ser a excel\u00eancia no setor de automa\u00e7\u00e3o comercial, destacando-nos como refer\u00eancia em modelo de atendimento, seguran\u00e7a e confian\u00e7a para nossos valiosos clientes e parceiros. Buscamos incessantemente aprimorar nossos servi\u00e7os, proporcionando solu\u00e7\u00f5es inovadoras que elevem o sucesso e a satisfa\u00e7\u00e3o de todos aqueles que escolhem a Catronis Corp como parceira.<\/p><\/div>\n\t\t\t\t\t\t\t\t\t<div class=\"elementor-tab-title elementor-tab-mobile-title\" aria-selected=\"false\" data-tab=\"2\" role=\"tab\" tabindex=\"-1\" aria-controls=\"elementor-tab-content-2192\" aria-expanded=\"false\">MISS\u00c3O<\/div>\n\t\t\t\t\t<div id=\"elementor-tab-content-2192\" class=\"elementor-tab-content elementor-clearfix\" data-tab=\"2\" role=\"tabpanel\" aria-labelledby=\"elementor-tab-title-2192\" tabindex=\"0\" hidden=\"hidden\"><p>Comprometemo-nos a construir e aprimorar continuamente o melhor software para o gerenciamento eficaz de supermercados, padarias, lanchonetes, restaurantes e lojas de varejo. Nossa miss\u00e3o \u00e9 ser uma for\u00e7a propulsora no crescimento de nossos clientes e colaboradores, oferecendo um servi\u00e7o pautado na confian\u00e7a e qualidade excepcionais.<\/p><\/div>\n\t\t\t\t\t\t\t\t\t<div class=\"elementor-tab-title elementor-tab-mobile-title\" aria-selected=\"false\" data-tab=\"3\" role=\"tab\" tabindex=\"-1\" aria-controls=\"elementor-tab-content-2193\" aria-expanded=\"false\">VALORES<\/div>\n\t\t\t\t\t<div id=\"elementor-tab-content-2193\" class=\"elementor-tab-content elementor-clearfix\" data-tab=\"3\" role=\"tabpanel\" aria-labelledby=\"elementor-tab-title-2193\" tabindex=\"0\" hidden=\"hidden\"><p>\u2022 Comprometimento: Compromissados em acompanhar o avan\u00e7o tecnol\u00f3gico, respeitando integralmente as pol\u00edticas governamentais.<\/p><p>\u2022 Ousadia: Abra\u00e7amos a inova\u00e7\u00e3o, buscando constantemente aprimorar tudo o que fazemos.<\/p><p>\u2022 Simplicidade: Pautamos nosso trabalho na objetividade, agilidade e intelig\u00eancia.<\/p><p>\u2022 Excel\u00eancia: Buscamos incessantemente o mais alto grau de efici\u00eancia em todas as nossas iniciativas.<\/p><p>\u2022 Responsabilidade: Nossas a\u00e7\u00f5es s\u00e3o guiadas pela \u00e9tica e seriedade, refletindo-se em cada atividade que empreendemos.<\/p><\/div>\n\t\t\t\t\t\t\t\t\t<div class=\"elementor-tab-title elementor-tab-mobile-title\" aria-selected=\"false\" data-tab=\"4\" role=\"tab\" tabindex=\"-1\" aria-controls=\"elementor-tab-content-2194\" aria-expanded=\"false\">EQUIPE<\/div>\n\t\t\t\t\t<div id=\"elementor-tab-content-2194\" class=\"elementor-tab-content elementor-clearfix\" data-tab=\"4\" role=\"tabpanel\" aria-labelledby=\"elementor-tab-title-2194\" tabindex=\"0\" hidden=\"hidden\"><p>Comprometida com o crescimento de nossos clientes, a Catronis Corp assegura servi\u00e7os de confian\u00e7a e qualidade. A cada dia, dedicamo-nos a ser a refer\u00eancia m\u00e1xima no mercado, estabelecendo padr\u00f5es excepcionais em atendimento e seguran\u00e7a. Contamos com uma equipe de profissionais preparados, experientes e altamente capacitados, destacando-se pela excel\u00eancia em sua forma\u00e7\u00e3o para atender \u00e0s demandas mais exigentes.<\/p><\/div>\n\t\t\t\t\t\t\t<\/div>\n\t\t<\/div>\n\t\t\t\t\t\t<\/div>\n\t\t\t\t\t<\/div>\n\t\t\t\t<\/div>\n\t\t<div class=\"elementor-element elementor-element-cc0e03a e-flex e-con-boxed e-con e-parent\" data-id=\"cc0e03a\" data-element_type=\"container\" data-e-type=\"container\">\n\t\t\t\t\t<div class=\"e-con-inner\">\n\t\t\t\t<div class=\"elementor-element elementor-element-5b05c19 elementor-widget elementor-widget-spacer\" data-id=\"5b05c19\" data-element_type=\"widget\" data-e-type=\"widget\" data-widget_type=\"spacer.default\">\n\t\t\t\t\t\t\t<div class=\"elementor-spacer\">\n\t\t\t<div class=\"elementor-spacer-inner\"><\/div>\n\t\t<\/div>\n\t\t\t\t\t\t<\/div>\n\t\t\t\t<div class=\"elementor-element elementor-element-a0c1b1a elementor-absolute elementor-widget-divider--view-line elementor-widget elementor-widget-divider\" data-id=\"a0c1b1a\" data-element_type=\"widget\" data-e-type=\"widget\" data-settings=\"{&quot;_position&quot;:&quot;absolute&quot;}\" data-widget_type=\"divider.default\">\n\t\t\t\t\t\t\t<div class=\"elementor-divider\">\n\t\t\t<span class=\"elementor-divider-separator\">\n\t\t\t\t\t\t<\/span>\n\t\t<\/div>\n\t\t\t\t\t\t<\/div>\n\t\t\t\t\t<\/div>\n\t\t\t\t<\/div>\n\t\t<div class=\"elementor-element elementor-element-ca01b37 e-flex e-con-boxed e-con e-parent\" data-id=\"ca01b37\" data-element_type=\"container\" data-e-type=\"container\">\n\t\t\t\t\t<div class=\"e-con-inner\">\n\t\t\t\t<div class=\"elementor-element elementor-element-35ed608 elementor-widget elementor-widget-html\" data-id=\"35ed608\" data-element_type=\"widget\" data-e-type=\"widget\" data-widget_type=\"html.default\">\n\t\t\t\t\t<link rel=\"stylesheet\" href=\"https:\/\/cdn.positus.global\/production\/resources\/robbu\/whatsapp-button\/whatsapp-button.css\">\r\n<a id=\"robbu-whatsapp-button\" target=\"_blank\" href=\"https:\/\/api.whatsapp.com\/send?phone=5519987831603&text=Ol%C3%A1,%20gostaria%20de%20saber...\">\r\n  <div class=\"rwb-tooltip\">Posso te Ajudar<\/div>\r\n  <img decoding=\"async\" src=\"https:\/\/cdn.positus.global\/production\/resources\/robbu\/whatsapp-button\/whatsapp-icon.svg\">\r\n<\/a>\r\n\t\t\t\t<\/div>\n\t\t\t\t\t<\/div>\n\t\t\t\t<\/div>\n\t\t<div class=\"elementor-element elementor-element-fa43e67 e-flex e-con-boxed e-con e-parent\" data-id=\"fa43e67\" data-element_type=\"container\" data-e-type=\"container\">\n\t\t\t\t\t<div class=\"e-con-inner\">\n\t\t\t\t<div class=\"elementor-element elementor-element-0cbae8a elementor-widget elementor-widget-spacer\" data-id=\"0cbae8a\" data-element_type=\"widget\" data-e-type=\"widget\" data-widget_type=\"spacer.default\">\n\t\t\t\t\t\t\t<div class=\"elementor-spacer\">\n\t\t\t<div class=\"elementor-spacer-inner\"><\/div>\n\t\t<\/div>\n\t\t\t\t\t\t<\/div>\n\t\t\t\t\t<\/div>\n\t\t\t\t<\/div>\n\t\t\t\t<\/div>\n\t\t","protected":false},"excerpt":{"rendered":"<p>QUEM SOMOS Somos a CATRONIS CORP Desde sua funda\u00e7\u00e3o em 2008, no interior paulista, na cidade de Campinas, a CATRONIS CORP se destaca como uma refer\u00eancia em solu\u00e7\u00f5es de software de gest\u00e3o. Especializada na otimiza\u00e7\u00e3o de processos, nossa empresa conquistou espa\u00e7o em diversos segmentos, incluindo supermercados, padarias, restaurantes, lanchonetes e lojas de varejo. Em 2010, [&hellip;]<\/p>\n","protected":false},"author":1,"featured_media":0,"parent":0,"menu_order":0,"comment_status":"closed","ping_status":"closed","template":"","meta":{"site-sidebar-layout":"no-sidebar","site-content-layout":"page-builder","ast-site-content-layout":"full-width-container","site-content-style":"unboxed","site-sidebar-style":"unboxed","ast-global-header-display":"","ast-banner-title-visibility":"","ast-main-header-display":"","ast-hfb-above-header-display":"","ast-hfb-below-header-display":"","ast-hfb-mobile-header-display":"","site-post-title":"disabled","ast-breadcrumbs-content":"","ast-featured-img":"disabled","footer-sml-layout":"","ast-disable-related-posts":"","theme-transparent-header-meta":"enabled","adv-header-id-meta":"","stick-header-meta":"","header-above-stick-meta":"","header-main-stick-meta":"","header-below-stick-meta":"","astra-migrate-meta-layouts":"set","ast-page-background-enabled":"default","ast-page-background-meta":{"desktop":{"background-color":"","background-image":"","background-repeat":"repeat","background-position":"center center","background-size":"auto","background-attachment":"scroll","background-type":"","background-media":"","overlay-type":"","overlay-color":"","overlay-opacity":"","overlay-gradient":""},"tablet":{"background-color":"","background-image":"","background-repeat":"repeat","background-position":"center center","background-size":"auto","background-attachment":"scroll","background-type":"","background-media":"","overlay-type":"","overlay-color":"","overlay-opacity":"","overlay-gradient":""},"mobile":{"background-color":"","background-image":"","background-repeat":"repeat","background-position":"center center","background-size":"auto","background-attachment":"scroll","background-type":"","background-media":"","overlay-type":"","overlay-color":"","overlay-opacity":"","overlay-gradient":""}},"ast-content-background-meta":{"desktop":{"background-color":"var(--ast-global-color-5)","background-image":"","background-repeat":"repeat","background-position":"center center","background-size":"auto","background-attachment":"scroll","background-type":"","background-media":"","overlay-type":"","overlay-color":"","overlay-opacity":"","overlay-gradient":""},"tablet":{"background-color":"var(--ast-global-color-5)","background-image":"","background-repeat":"repeat","background-position":"center center","background-size":"auto","background-attachment":"scroll","background-type":"","background-media":"","overlay-type":"","overlay-color":"","overlay-opacity":"","overlay-gradient":""},"mobile":{"background-color":"var(--ast-global-color-5)","background-image":"","background-repeat":"repeat","background-position":"center center","background-size":"auto","background-attachment":"scroll","background-type":"","background-media":"","overlay-type":"","overlay-color":"","overlay-opacity":"","overlay-gradient":""}},"footnotes":""},"class_list":["post-1184","page","type-page","status-publish","hentry"],"_links":{"self":[{"href":"https:\/\/catronis.com.br\/index.php?rest_route=\/wp\/v2\/pages\/1184","targetHints":{"allow":["GET"]}}],"collection":[{"href":"https:\/\/catronis.com.br\/index.php?rest_route=\/wp\/v2\/pages"}],"about":[{"href":"https:\/\/catronis.com.br\/index.php?rest_route=\/wp\/v2\/types\/page"}],"author":[{"embeddable":true,"href":"https:\/\/catronis.com.br\/index.php?rest_route=\/wp\/v2\/users\/1"}],"replies":[{"embeddable":true,"href":"https:\/\/catronis.com.br\/index.php?rest_route=%2Fwp%2Fv2%2Fcomments&post=1184"}],"version-history":[{"count":44,"href":"https:\/\/catronis.com.br\/index.php?rest_route=\/wp\/v2\/pages\/1184\/revisions"}],"predecessor-version":[{"id":1533,"href":"https:\/\/catronis.com.br\/index.php?rest_route=\/wp\/v2\/pages\/1184\/revisions\/1533"}],"wp:attachment":[{"href":"https:\/\/catronis.com.br\/index.php?rest_route=%2Fwp%2Fv2%2Fmedia&parent=1184"}],"curies":[{"name":"wp","href":"https:\/\/api.w.org\/{rel}","templated":true}]}}